{"id":9,"date":"2018-12-04T12:49:10","date_gmt":"2018-12-04T11:49:10","guid":{"rendered":"http:\/\/montailleur.fr\/?page_id=9"},"modified":"2024-07-08T09:07:08","modified_gmt":"2024-07-08T07:07:08","slug":"contact","status":"publish","type":"page","link":"https:\/\/montailleur.fr\/index.php\/contact\/","title":{"rendered":"Contact"},"content":{"rendered":"<p><strong>Adresse :<\/strong><\/p>\n<p>Mairie de Montailleur<br \/>\n440, chef-lieu &#8211; 73460 MONTAILLEUR<\/p>\n<p><strong>T\u00e9l. secr\u00e9tariat :<\/strong> 04 79 31 44 56<\/p>\n<p><a href=\"mailto:mairie@montailleur.fr\">mairie@montailleur.fr<\/a><\/p>\n<p><strong>Horaires d&rsquo;ouverture :<\/strong><br \/>\nJuillet : lundi de 16h00 \u00e0 18h00<\/p>\n","protected":false},"excerpt":{"rendered":"<p>Adresse : Mairie de Montailleur 440, chef-lieu &#8211; 73460 MONTAILLEUR T\u00e9l. secr\u00e9tariat : 04 79 31 44 56 mairie@montailleur.fr Horaires d&rsquo;ouverture : Juillet : lundi de 16h00 \u00e0 18h00<\/p>\n","protected":false},"author":1,"featured_media":0,"parent":0,"menu_order":0,"comment_status":"closed","ping_status":"closed","template":"","meta":{"footnotes":""},"_links":{"self":[{"href":"https:\/\/montailleur.fr\/index.php\/wp-json\/wp\/v2\/pages\/9"}],"collection":[{"href":"https:\/\/montailleur.fr\/index.php\/wp-json\/wp\/v2\/pages"}],"about":[{"href":"https:\/\/montailleur.fr\/index.php\/wp-json\/wp\/v2\/types\/page"}],"author":[{"embeddable":true,"href":"https:\/\/montailleur.fr\/index.php\/wp-json\/wp\/v2\/users\/1"}],"replies":[{"embeddable":true,"href":"https:\/\/montailleur.fr\/index.php\/wp-json\/wp\/v2\/comments?post=9"}],"version-history":[{"count":6,"href":"https:\/\/montailleur.fr\/index.php\/wp-json\/wp\/v2\/pages\/9\/revisions"}],"predecessor-version":[{"id":1933,"href":"https:\/\/montailleur.fr\/index.php\/wp-json\/wp\/v2\/pages\/9\/revisions\/1933"}],"wp:attachment":[{"href":"https:\/\/montailleur.fr\/index.php\/wp-json\/wp\/v2\/media?parent=9"}],"curies":[{"name":"wp","href":"https:\/\/api.w.org\/{rel}","templated":true}]}}